 + 3, -2*b - 11 - 6 = -3*d. Let j(t) = -18*t**3 - 2*t - 1. Let g = 22 - 12. What is the remainder when j(b) is divided by g?
9
Let r(j) = -23*j**3 - 3*j**2 + 1. Calculate the remainder when 38 is divided by r(-1).
17
Let p be -3 + (0 - -3 - 11). Let l = p - -22. Let j(y) = 32*y**2 - y + 1. What is the remainder when j(1) is divided by l?
10
Suppose 27 = 5*k - 0*d - 3*d, -3*k = -d - 13. Suppose -k*t + 2 = -4. Calculate the remainder when 7 is divided by t.
1
Suppose u - 4*z - 55 = 0, 68 + 207 = 5*u - z. Suppose -4*l + u = l. What is the remainder when 18 is divided by l?
7
What is the remainder when 38 is divided by (-6)/(-4)*(-44)/(-6)?
5
Suppose 0 = k - 1 - 2. Let m = 9 - k. Calculate the remainder when 17 is divided by m.
5
Let c = 24 - 3. Suppose k = -2*p + 8, 0 = 2*k + 8. Calculate the remainder when c is divided by p.
3
Let y(j) = 2*j**2 + 3*j + 2. Let w be y(6). Let n = 141 - w. Suppose -5*i - 3*r + 91 = 0, -3*r + 66 = 4*i - 4*r. Calculate the remainder when n is divided by i.
15
Let g be (12/5)/((-4)/(-10)). Suppose b - g = 22. Calculate the remainder when b is divided by 10.
8
Suppose 0 = -18*o + 14*o + 68. Calculate the remainder when 30 is divided by o.
13
Suppose 5*r - 279 = -j, 55 = r + j - 0*j. Suppose -2*p = 3*w + 2*p - 49, -3*w - 2*p + 47 = 0. Calculate the remainder when r is divided by w.
11
Suppose -2*w - r = -38, 5*r = w - 0*r - 8. Let i be (1 + -4)*(-12)/w. Suppose 28 = i*p - 18. Calculate the remainder when p is divided by 12.
11
Let i be -1 + -4 + 2/1. Let d = i - -13. Let n(p) = p**2 + 2*p + 3. Calculate the remainder when d is divided by n(-3).
4
Let d be 0/(-7) - (0 + -1). Let w be d + 7 - (-3)/(-1). Suppose 0 = 5*p - 2*c + w*c - 69, 18 = 2*p - 2*c. Calculate the remainder when 23 is divided by p.
11
Suppose i - 12 - 2 = 0. Calculate the remainder when i is divided by 5.
4
Let l = -3 + 15. What is the remainder when 21 is divided by l?
9
Suppose -7*i - 115 = -661. What is the remainder when i is divided by 27?
24
Suppose -12 - 52 = -8*o. Suppose -5*p = 3*d - 10, -4*p - 16 = -4*d + 8. Calculate the remainder when o is divided by d.
3
Suppose 18 = 4*u - 2. Let r = 0 + u. Suppose -22 = -r*i + 63. Calculate the remainder when 33 is divided by i.
16
Let j(i) = 25*i**2 + 2*i + 2. Calculate the remainder when 97 is divided by j(-1).
22
Suppose 0 = m - 0 - 3. What is the remainder when 14 is divided by m?
2
Let y = -62 + -9. Let s = -32 - y. Calculate the remainder when s is divided by 14.
11
What is the remainder when 21 is divided by (-5)/(35/(-58)) + (-4)/14?
5
Let b be 1/((-3)/(-6))*1. What is the remainder when 43 is divided by ((-6)/(-2) - b)*22?
21
Let j(h) = -7*h**3 - 2*h**2 - 2*h - 1. Calculate the remainder when 29 is divided by j(-1).
5
Suppose l - 3 = -1. Suppose -l*f - 4 = -3*f. Calculate the remainder when f is divided by 3.
1
Let x(s) = s**2 - 7*s + 3. Let t be x(7). Suppose t*g - 6*g + 45 = 0. What is the remainder when g is divided by 8?
7
Suppose -i + v + 5 = -3*i, -4*v = 3*i + 10. Let p = i + 15. Suppose -g - 152 = -5*g. Calculate the remainder when g is divided by p.
12
Let r = -37 + 47. Calculate the remainder when 17 is divided by r.
7
Suppose -104 = -5*i + 3*i. Let q(a) = 2*a**3 - 3*a**2 + a - 3. Let f be q(3). Let h = i - f. Calculate the remainder when h is divided by 13.
12
Let c(q) = -q**3 - 5*q**2 + 6*q. Let i be c(-6). Suppose b + l - 8 - 4 = i, -2*b - 11 = -5*l. Let n = -4 + 23. What is the remainder when n is divided by b?
5
Suppose 65 = 5*l - 3*a, -l + 2*a = -10 - 10. Suppose -l = -x + 29. Calculate the remainder when x is divided by 14.
11
Let a = 13 + -2. Suppose 10 = -r - r - 2*p, -2*p + a = -r. Let x = r - -12. Calculate the remainder when 13 is divided by x.
3
What is the remainder when (-7*5 - 0)*14/(-14) is divided by -1 - -10*(2 + -1)?
8
Let y = -2 + 10. Suppose -o + 0 = -f - 4, 5*o - 3*f - 24 = 0. Let u(i) = 2*i + 3. Calculate the remainder when u(o) is divided by y.
7
Let h(j) = -j + 19. Let u(k) = 25*k - 1. Let z be u(1). Let n = z + 1. What is the remainder when n is divided by h(10)?
7
Let h(r) = -r**3 - r + 1. Let b(p) = p**3 + 2*p - 2. Let m(o) = -3*b(o) - 4*h(o). Calculate the remainder when m(3) is divided by 4.
3
Let i be (1 - 8)*(-4 + 5). Let h = -7 - i. Suppose -3*w = 4*a - 68, h = -a + 2*w + 7 - 1. Calculate the remainder when 40 is divided by a.
12
Suppose 0 = 2*c - 0*c + 16. Let f be (-231)/12 + (-2)/c. Let z = f - -34. What is the remainder when z is divided by 8?
7
Let i = 49 - 75. Let j = i - -38. Let m(q) = -q + 2. Calculate the remainder when j is divided by m(-5).
5
Let l(h) = 27*h**3 - 2*h**2 + h. What is the remainder when l(1) is divided by (-2)/4 - 15/(-2)?
5
Let f(v) = v - 7. Let p be f(10). Let u(n) = n + 3. What is the remainder when 9 is divided by u(p)?
3
Let o(t) = 7*t**2 - t. Calculate the remainder when 55 is divided by o(-1).
7
Let d(u) = -u**2 + 2*u + 4. Calculate the remainder when 25 is divided by d(0).
1
Suppose -s - 169 = -5*b - 41, 5*b - 119 = -2*s. Suppose -f = -k - 0*k + 34, k - 4*f - b = 0. What is the remainder when 146 is divided by k?
35
Suppose -4*c + 66 = -86. Suppose 2*y - 10 = c. Calculate the remainder when y is divided by 13.
11
Suppose 29 = 3*m - 4. Let h = -6 + m. Calculate the remainder when 9 is divided by h.
4
Let s be 1/(-1)*(1 - 4). Suppose 4*w = 5*n - 43, -s*n + w + 31 = -4*w. Let t(m) = -m**2 + 26*m - 45. What is the remainder when n is divided by t(2)?
1
Let r(a) = 34*a**2 + 2*a. Let s be r(2). Let p = s + -82. Suppose -2*w + 3*j + 82 = 0, -2*w - 2*j + p = j. Calculate the remainder when w is divided by 12.
11
Suppose 0 = 3*r - r - 28. Calculate the remainder when 55 is divided by r.
13
Suppose -7*i + 9*i = 68. What is the remainder when i is divided by 9?
7
Let k(t) = t**3 + 9*t**2 + 6*t - 8. Let g be k(-7). Suppose -5*q = -g - 37. What is the remainder when 32 is divided by q?
15
Let g(m) = 9*m**2 + m. Let v(a) = -a**3 + a**2 + 2*a - 1. Calculate the remainder when v(-3) is divided by g(1).
9
Suppose i - 8 - 31 = 0. Let v(k) = -2*k**2 + 12*k + 4. Calculate the remainder when i is divided by v(4).
19
Let v = 4 + 1. Suppose 5*u + 3 + 52 = -v*t, -u = -4. What is the remainder when 28 is divided by (3/2)/(t/(-100))?
8
Suppose 0 = o + o - 64. Let w(n) = 4*n + 1. Let t be w(-7). Let g = 44 + t. What is the remainder when o is divided by g?
15
Suppose 5*s - 4*m + 2*m = 36, -2*m = -4. Let n = 31 - 16. What is the remainder when n is divided by s?
7
Let r(d) = -6*d - 3. Let c be r(5). Let f = c + 46. What is the remainder when f is divided by 1*15*(-3)/(-9)?
3
Let r(a) = -a. Let p be r(1). Let k = p + 16. What is the remainder when 43 is divided by k?
13
Let i(m) = -m + 7. Let k be i(6). Suppose 0*w = -w + k. Suppose -w + 17 = 2*h. Calculate the remainder when 23 is divided by h.
7
Let m(g) = 5*g - 8. Calculate the remainder when 63 is divided by m(6).
19
Let i(f) = f**3 + 5*f**2 - 4*f - 3. Suppose 3*o + 9 + 6 = 0. What is the remainder when i(o) is divided by 9?
8
Suppose 0 = -3*v - 14 + 44. Suppose 4*j - 260 = -5*p, -v = 2*j - p - 126. What is the remainder when j is divided by 31?
29
Let c(g) = g**3 + 15*g**2 + 14*g + 2. Let s be c(-14). What is the remainder when (-204)/(-18)*3/s is divided by 6?
5
Suppose 0 = -c - 5 - 4. Let i(k) = k**2 + 7*k - 9. Let w = 7 - 4. Calculate the remainder when i(c) is divided by w.
0
Suppose -62 = -3*s + 2*c, 4*s - s - 34 = -5*c. Calculate the remainder when (3 - 6 - -69)/(4/2) is divided by s.
15
Suppose 3*m + 4*g + 4 = 0, m - 3*m - 2*g - 2 = 0. Calculate the remainder when -1 + (1 - -21) + m is divided by 8.
5
Suppose 3*w - 26 = 7. Calculate the remainder when 32 is divided by w.
10
Suppose -4*d - 41 + 209 = 0. What is the remainder when d is divided by (-4 - 55/5)*(-1 + 0)?
12
Suppose 4*s - 140 = -5*y + 6*s, -3*y = 4*s - 84. Suppose 0 = -2*o + y. Calculate the remainder when 55 is divided by o.
13
Let g(b) = -b**3 - 6*b**2 - 6*b + 11. Calculate the remainder when 139 is divided by g(-6).
45
Calculate the remainder when 34 is divided by ((-1)/2)/(1*(-1)/18).
7
Suppose c = -2 - 3, -2*u = 4*c - 258. Suppose -3*i + 5 + u = 0. Calculate the remainder when i is divided by 17.
14
Let l = 2 + -6. Let q be (-1)/(-2) + (-18)/l. Suppose 54 = q*x - 2*z, 5*z = -5*x + 2*z + 69. What is the remainder when